t j be u(v). Suppose -j*l + 790 = -203. Is l a prime number?
True
Let l = 501833 + -124836. Is l a prime number?
False
Suppose 2*w + 11708 = 4*m, -17570 = 8*w - 5*w + 2*m. Let b = 14605 + w. Is b composite?
True
Let u = 3603 + -760. Is u prime?
True
Let r(b) = 39*b**3 + 11*b**2 + 12*b + 26. Let k be r(-4). Let h = k + 3403. Is h a prime number?
True
Let v(z) = -150*z + 11 - 253*z - 1 + 1. Is v(-4) a prime number?
False
Suppose 0 = 20*c + 182665 - 445245. Is c a composite number?
True
Let a(r) = -r**3 - 2*r**2 + 2*r - 1. Let m be a(-3). Suppose -388*f + 389*f = 5. Suppose f*x + n - 3*n = 561, m*x + n = 228. Is x a prime number?
True
Suppose -r + 9 = 5*t, 5*r + 2 = -3*t + 3. Let v(c) = 70*c**2 - 2*c - 3. Is v(r) prime?
False
Let f(j) = 24*j**2 - 20*j**2 - 9 - 428*j**3 - 11*j**3. Is f(-4) a prime number?
True
Let p(m) = 2*m**2 - 12*m - 3. Let o be p(6). Let n(w) = 2*w + 4. Let b be n(o). Is ((-332)/2)/(b*(-4 - -5)) a prime number?
True
Suppose -3*q - 215 = 5*c, c = 3*q - 11 - 50. Let b = c + 61. Let w = 397 - b. Is w prime?
False
Let l(i) = -64*i + 5. Let n be l(-1). Suppose -71*d = -72*d + n. Is d a prime number?
False
Suppose -346*d + 361*d = 173685. Is d prime?
True
Let a be 1 - (2 + -1208) - 7. Let r = -698 + a. Is r prime?
False
Let l(j) = 830*j + 3317. Is l(120) composite?
True
Suppose -9*w + 420862 = -224717. Is w a composite number?
True
Let s(p) = -1539*p**2 - 7. Let h(l) = 3080*l**2 + 12. Let a(d) = 3*h(d) + 5*s(d). Let i = 2 + -1. Is a(i) a prime number?
False
Let f(v) = v**2 - 9*v - 8 - 2*v + 20 + 3*v. Let z be f(6). Suppose z = n - 3, -2*w + 451 = -5*n - 148. Is w prime?
True
Let h = -1644568 - -2590505. Is h composite?
False
Suppose 3*v - 101484 = -2*n, -5*n = v - 118921 - 134815. Suppose 3*q - 5*b = -3*b + 38059, 2*b = 4*q - n. Is q composite?
False
Let o = -17229 + 28816. Is o a prime number?
True
Suppose -1181729 = -2*b + t, 485584 - 2849077 = -4*b - 5*t. Is b composite?
False
Let b(p) = -18*p + 10. Let u be b(-2). Is (178/6)/(u/138) prime?
True
Suppose 44*j - 19525491 + 6134311 = 0. Is j prime?
False
Let u(s) = 2*s + 216. Let k be u(0). Suppose -1417 = k*y - 217*y. Is y prime?
False
Let v be 125515/25 - 3/5. Let t = v + -1053. Is t composite?
False
Let i(n) = -16*n - 4. Let w be i(-1). Suppose -4*c - 1358 = -t - t, 0 = -4*c - w. Is t prime?
True
Let m = -94051 - -133868. Is m a composite number?
True
Suppose -39*q = -35*q - 100108. Suppose q + 8113 = 20*n. Is n a composite number?
False
Let x be -45*(-5)/(60/8). Suppose 27*h = x*h - 17007. Is h a composite number?
False
Let s be (-2)/(-7) + 240/42. Let l(x) = -x**2 + x + 12. Let t be l(4). Suppose 3*v + 103 = 3*g - 2*v, -3*v - s = t. Is g composite?
False
Is 7025058/54*45/(-10)*-2 composite?
True
Suppose x = -3*w + 66374, 3*w + 56835 = 4*x - 208586. Is x a composite number?
False
Suppose -4*q - 4*c = -2*q - 174, 15 = 3*c. Let w = -67 + q. Suppose -w*z + 2*z = -6008. Is z a prime number?
True
Suppose -5 = 5*a, 5*a + 11 = v - 0*v. Is v/(12 - 6)*10427 a composite number?
False
Is (19930597/106)/(((-3)/1)/(-6)) prime?
True
Suppose 52*k - 36*k = 33*k - 1944035. Is k a composite number?
True
Let m = 112 + -117. Let f be (-1)/(((-7)/m)/(-7)). Suppose -4*c + p = -3555, 3*p + 0*p + 4442 = f*c. Is c a prime number?
False
Suppose 5*t - 4*b - 362339 = 0, 0 = 3*t + 2*b - 3*b - 217409. Suppose 7677 - t = -6*o. Is o a prime number?
True
Let d = 269415 - 96336. Is -5*(-6)/165 - d/(-33) composite?
True
Let o = -2676 - 3671. Let q = o + 16996. Is q composite?
True
Is (-21)/9 + 3 + -892*(-193491)/108 a composite number?
True
Let b(c) = -135*c**3 - 5*c**2 - 4*c - 5. Let j(n) = -n + 14. Let p(t) = 3*t - 41. Let a(q) = -21*j(q) - 6*p(q). Let d be a(15). Is b(d) a prime number?
True
Let x = 190198 + -80805. Is x composite?
True
Suppose -u - 8*i + 157 = -3*i, -4*u + 553 = -5*i. Let t = u - 63. Is t composite?
False
Let d = 805406 + -436489. Is d a composite number?
True
Let a(u) = -u**2 - 9*u + 36. Let n be a(-12). Suppose j = 2, 4*q + j - 3*j - 85504 = n. Is q a prime number?
True
Suppose -2 = 3*h - 17. Suppose 2*x + 93711 = 5*w, -w + 3*w - 37476 = h*x. Is w a prime number?
True
Suppose -1 + 19 = 3*z. Suppose z*g - 1642 = 2384. Is g a composite number?
True
Suppose -32*o + 362*o = 37096120 + 12821330. Is o a prime number?
False
Suppose 45*r - 2646557 = 898498. Is r composite?
False
Let b(q) = q**2 - q - 4. Let u be b(4). Suppose u*p - 5483 - 165 = 0. Suppose m + 50 = 5*n + p, 2*m - 5*n - 1337 = 0. Is m prime?
False
Let c(o) = 60*o + 9. Let x be c(11). Suppose -3*d = -6*d + x. Is d a composite number?
False
Suppose 14*m - 161704 - 1981 - 9453 = 0. Is m a composite number?
True
Suppose -21*i - 379349 = -3983690 - 881028. Is i prime?
True
Let y = -2 - -6. Let h(n) = 81*n**3 - n**2 - n + 3. Is h(y) a composite number?
False
Let r be (-420)/(-189) + 4/(-18). Suppose 0 = -2*c - b + 2193, 28*c - 33*c - r*b + 5483 = 0. Is c prime?
True
Let o = -7250 + 12929. Suppose -5*z = -5*b + 22650, o = 3*b - 4*z - 7906. Is b prime?
False
Let l = -382 - -384. Is 445559/226*(l - 0) a prime number?
True
Is 10329037/(-1143)*9/(-1) a prime number?
True
Let q = 77274 + -52255. Is q a prime number?
False
Let n be (-4)/(1359/(-339) + 4). Suppose 0 = -5*d - 25, -2*d + n + 486 = 4*b. Is (3 - (-16)/(-6))*b a composite number?
False
Let v(q) = -11*q**2 - 2*q - 3. Let j be v(-1). Let k = j + 22. Suppose 0 = k*h - 16*h + 762. Is h a prime number?
True
Suppose 52*r - 48*r - 863804 = 2*j, 0 = -3*r - 3*j + 647853. Is r composite?
True
Let j = -675 - -679. Suppose v + 12104 = -4*f + 53716, 41612 = j*f - 2*v. Is f prime?
False
Let u(v) = -2 + 6*v**2 + v**2 - 1 + v**3 + 3*v - 5*v**2. Let z be u(1). Suppose 0 = z*r - 672 - 465. Is r a composite number?
False
Let x be (-103)/(-7) - (-6)/21. Let u be x/45*2/(-2)*-1815. Suppose -2*q + 3*d + u = -0*d, -5*q + 1484 = 2*d. Is q a composite number?
True
Suppose -5*g + 651276 = 8*s, -88*s + 4*g - 162830 = -90*s. Is s composite?
True
Let f = 5203 + -5876. Let d = -6623 - -4589. Let j = f - d. Is j a prime number?
True
Let p = 464 - -1382. Suppose -234 = 3*z - 4*z. Suppose p = 4*f + z. Is f a prime number?
False
Let n(b) = -5*b**2 - 44*b - 28. Let l(z) = z**2 + z + 1. Let o(k) = -2*l(k) - n(k). Is o(-19) composite?
False
Suppose -2*i = 5*j + 2*i + 1949, 20 = 5*i. Let t = j - -754. Is t a prime number?
False
Let j(f) = 6*f - 28*f**2 + 31 + 95*f**2 - 24*f**2 - 30*f**2. Is j(15) a prime number?
False
Suppose 3*d = -4*d - 91. Let t = 11 + d. Is t/(-1) + 977 - 2 prime?
True
Let t(s) = -s**2 - 35*s - 32. Let i be t(-34). Suppose -i*n - 15302 = -4*a, -5*a + 19141 = 3*n - n. Is a prime?
False
Let g = 26 + -23. Suppose 0 = 4*c - 12, 3*l + g*c = 2*c - 180. Let y = 560 + l. Is y prime?
True
Let h = 334 + -333. Is (-7 + 11)*(h - 7389/(-4)) composite?
False
Suppose 26*d - 2433832 - 606946 = 0. Is d a composite number?
False
Is (-5 - -11)*(-6)/(36/(-56841)) prime?
False
Let v = -6845 - -11718. Is v prime?
False
Let g(t) = 371*t**2 + 93*t - 687. Is g(7) a composite number?
False
Suppose -247*q = -241*q. Suppose 0 = 13*j - 11*j - n - 3032, q = 4*n - 8. Is j prime?
False
Let s be 45783/15*55/33. Suppose 6*y + s = 7*y. Is y a composite number?
False
Suppose 822*b = 867*b - 25974765. Is b prime?
False
Let c(o) = -16833*o + 39. Let l be c(3). Is l/(-24) + (-2)/4 a composite number?
True
Let g(o) = 6*o**3 - 12*o**2 + 4*o + 17. Let z be g(8). Suppose -27054 - z = -7*p. Is p a composite number?
False
Let a(n) be the second derivative of n**4/6 + 11*n**3/6 - 30*n**2 - 6*n - 3. Is a(31) a prime number?
True
Let d(n) = -4*n. Suppose -6*m = -4*m + 2. Let x be d(m). Suppose 567 = -3*y + 4*v + 3206, v + 3510 = x*y. Is y a prime number?
True
Let n(w) = -w**3 - w**2. Let v(x) = -12*x**3 - 3*x**2 + 4*x - 57. Let h(g) = 6*n(g) - v(g). Is h(14) prime?
True
Let t(w) = w**3 + 6*w**2 + 23*w - 19. Let v(x) = x + 38. Let k be v(-30). Is t(k) a composite number?
False
Suppose 11*u - s = 13*u - 47965, 23957 = u - 8*s. Is u composite?
False
Let n be 2/(-9) - (-4 - 185756/(-18)). Is (n/14)/(-1 + (-12)/(-14)) a composite number?
True
Let b(l) = 2*l**2 - 9*l + 15. Let v be b(2). Suppose 5*z - v*k - 5032 = 22213, 2*k = -4. Is z composite?
True
Let v be ((-7)/3 - -1)/(1/(-3)). Let l be -1*v*((-3)/2 + -3). Suppose -19*s = -l*s - 1465. Is s a co